352
In base 6, what is -105 - -312?
203
In base 14, what is -3da - -37?
-3a3
In base 2, what is -101101110111111101100 - 10?
-101101110111111101110
In base 16, what is 3 - -84aa?
84ad
In base 16, what is -5 - abd?
-ac2
In base 11, what is 5 - 1a078?
-1a073
In base 3, what is 2 + 222102222?
222110001
In base 6, what is 5 - -4043131?
4043140
In base 12, what is 5 + -3002?
-2bb9
In base 14, what is 47c + 1d6?
674
In base 4, what is -10030002 + 13?
-10023323
In base 3, what is -101 - 12110211202?
-12110212010
In base 3, what is 1110222012201 + 12?
1110222012220
In base 5, what is 101 - 141420?
-141314
In base 8, what is -2 - -100223?
100221
In base 15, what is -306e5 - 5?
-306ea
In base 12, what is 6a87 - -8?
6a93
In base 5, what is -34413 - 3?
-34421
In base 4, what is 211122 - 113220?
31302
In base 3, what is -1 + 2111202110011?
2111202110010
In base 11, what is -2a6018 - 15?
-2a6032
In base 15, what is -3774a + -20?
-3776a
In base 6, what is 50 + 4410?
4500
In base 8, what is -55064 + -143?
-55227
In base 9, what is -558207 + -5?
-558213
In base 2, what is -111100100 - 1111101?
-1001100001
In base 11, what is 162a2 + -3?
1629a
In base 3, what is 112 + -112000212102?
-112000211220
In base 13, what is -36b - 197?
-535
In base 6, what is -101 - -3000?
2455
In base 7, what is -1316 + 1106?
-210
In base 14, what is -1a0 - -112?
-8c
In base 14, what is 1569cc + -2?
1569ca
In base 10, what is -314 - -1624?
1310
In base 2, what is 110000 - 10010000011101?
-10001111101101
In base 12, what is 156823 - 4?
15681b
In base 2, what is -101111111 + 111110?
-101000001
In base 11, what is -25060a + -3?
-250612
In base 8, what is -2 - -1277133?
1277131
In base 13, what is 2 - 434b?
-4349
In base 9, what is 1 - 215504?
-215503
In base 10, what is -6 + 240707?
240701
In base 8, what is 3 - 575527?
-575524
In base 14, what is 4211 + -5?
420a
In base 7, what is -5 + -1430660?
-1430665
In base 6, what is -305 + -4435?
-5144
In base 6, what is -4334 + -2?
-4340
In base 7, what is -15 - 262165?
-262213
In base 16, what is e41 - 13d?
d04
In base 15, what is -3ac - 2336?
-26e3
In base 8, what is 10271363 + -2?
10271361
In base 13, what is -22894 - -9?
-22888
In base 6, what is 2553 + -50?
2503
In base 7, what is 14503324 - 1?
14503323
In base 7, what is -4 + -225461?
-225465
In base 4, what is 1313 + 2322?
10301
In base 12, what is -32 + -31520?
-31552
In base 7, what is 1163 + -1346?
-153
In base 6, what is -2 + -225110?
-225112
In base 13, what is -2 - -460b?
4609
In base 2, what is 101 - -11111001000010?
11111001000111
In base 3, what is -12110002 + 120?
-12102112
In base 7, what is 6 - -141666?
142005
In base 16, what is 8 - a6b?
-a63
In base 12, what is -8a + 211b?
2051
In base 6, what is 1235 - 344?
451
In base 14, what is 2d9 - -812?
b0b
In base 7, what is -4541665 - -10?
-4541655
In base 7, what is 10023 - -255?
10311
In base 2, what is -11000 + 111101000110?
111100101110
In base 7, what is 25 + -52456?
-52431
In base 3, what is -1 - -211002002?
211002001
In base 5, what is 101310 + 211?
102021
In base 2, what is 10011101 + -1000111?
1010110
In base 6, what is 3501144 + 2?
3501150
In base 11, what is 390481 - -5?
390486
In base 3, what is -2 - 2112020221210?
-2112020221212
In base 6, what is -512 - 340?
-1252
In base 13, what is 7 + -1777?
-1770
In base 2, what is -111 - -10100010001100?
10100010000101
In base 12, what is 5 - -3801?
3806
In base 13, what is -5513 - -aa?
-5436
In base 5, what is -344021 - 2424?
-402000
In base 16, what is -ba2 + -4?
-ba6
In base 8, what is 5410 + 0?
5410
In base 2, what is -111101100 + -1?
-111101101
In base 16, what is -1480 - -1?
-147f
In base 11, what is 7 + -82a2?
-8296
In base 16, what is 54b + f?
55a
In base 15, what is -158bb + 2?
-158b9
In base 8, what is 5 + 4271551?
4271556
In base 14, what is 1 + 5882?
5883
In base 2, what is 1100101101100110011 - -1?
1100101101100110100
In base 3, what is -121200202 + 2101?
-121121101
In base 13, what is 1c - 794?
-775
In base 6, what is 21022304 - -3?
21022311
In base 2, what is -100011110101 - -111110011?
-11100000010
In base 16, what is cb4 + -14?
ca0
In base 8, what is 63067 + -37?
63030
In base 2, what is 10111111000011100101 + -100?
10111111000011100001
In base 13, what is -1 + 369?
368
In base 16, what is -5 - -1ee8e?
1ee89
In base 14, what is -40b + 20?
-3cb
In base 4, what is 301 + -31021120?
-31020213
In base 6, what is -3411553 + 10?
-3411543
In base 11, what is -2 + 386a2?
386a0
In base 10, what is 1981 - 14?
1967
In base 12, what is -1 - 53407?
-53408
In base 3, what is -10101 - -2000200?
1220022
In base 8, what is 205107 + 5?
205114
In base 9, what is 2 + -386564?
-386562
In base 16, what is 4d78 - 32?
4d46
In base 7, what is 1041 - 4514?
-3443
In base 3, what is -1101022111 + -122?
-1101100010
In base 16, what is -1212 + 212?
-1000
In base 5, what is -401341 - 14?
-401410
In base 5, what is -1200143 - -1?
-1200142
In base 11, what is 900 + 787?
1587
In base 13, what is 4393 + -b?
4385
In base 7, what is 211543 - 3?
211540
In base 11, what is -3 - 10577?
-1057a
In base 12, what is -2 - 1a956?
-1a958
In base 7, what is 325266 - 12?
325254
In base 12, what is 3 + -1b62?
-1b5b
In base 15, what is -124 - 19?
-13d
In base 12, what is 1001 + -47?
b76
In base 5, what is 4 + 3344014?
3344023
In base 13, what is 221 + 2338?
2559
In base 9, what is -625702 + 3?
-625688
In base 4, what is -231 + 3120220?
3113323
In base 8, what is 57757 + -2?
57755
In base 15, what is -6d + 45?
-28
In base 6, what is -1 + 2235100?
2235055
In base 12, what is -362 - 19?
-37b
In base 3, what is 112121120 + 200?
112122020
In base 13, what is 31b4 + 4c?
3233
In base 13, what is 773c - 1?
773b
In base 7, what is -4 + 133461?
133454
In base 7, what is 6 + 25265?
25304
In base 9, what is 83424 - -14?
83438
In base 7, what is -12 + 5520?
5505
In base 4, what is 2003000 + 33?
2003033
In base 16, what is -92 - 1d?
-af
In base 13, what is 28c4b + 4?
28c52
In base 13, what is b8c40 - 2?
b8c3b
In base 14, what is -7 + 3a8c?
3a85
In base 15, what is 4 + 16434?
16438
In base 10, what is -20055 - -107?
-19948
In base 9, what is 70255 + 1?
70256
In base 9, what is 65 - 28754?
-28678
In base 4, what is -200 + 3220223?
3220023
In base 7, what is 213505 + 131?
213636
In base 8, what is 61 + -74657?
-74576
In base 12, what is 198a + 4?
1992
In base 9, what is 5 - 168666?
-168661
In base 9, what is 1763288 + 0?
1763288
In base 16, what is -4 + -2034?
-2038
In base 15, what is 2d71 + -d1?
2c90
In base 6, what is -41242 - -4531?
-32311
In base 14, what is 7743 + a?
774d
In base 11, what is 1 - 112976?
-112975
In base 7, what is 122563366 - -1?
122563400
In base 14, what is 6132 - 5?
612b
In base 8, what is 320406 - -6?
320414
In base 6, what is 40201 + -131?
40030
In base 6, what is 14132351 + 1?
14132352
In base 7, what is 2234541 - 1?
2234540
In base 8, what is -376315 - 2?
-376317
In base 15, what is 0 + 296d?
296d
In base 9, what is -11 + -4508?
-4520
In base 16, what is -a - -bbba?
bbb0
In base 15, what is -118 + -ddb?
-1004
In base 10, what is -39885 + 1?
-39884
In base 14, what is 996b + 6?
9973
In base 10, what is -1416 - -1?
-1415
In base 6, what is -5 + -30342?
-30351
In base 5, what is -12113443 + -2?
-12114000
In base 10, what is 44915 - -2?
44917
In base 3, what is -11 + -2110010?
-2110021
In base 11, what is -844 + -1666?
-23aa
In base 4, what is 11001203312 + -10?
11001203302
In base 13, what is 17c0 + 5?
17c5
In base 15, what is -2b091 - 0?
-2b091
In base 16, what is -24b7 + -71?
-2528
In base 9, what is 0 + -4208?
-4208
In base 8, what is 10315 + -2314?
6001
In base 2, what is 100101110100010 + 10?
100101110100100
In base 11, what is 325800 + 3?
325803
In base 8, what is -7 + -201431?
-201440
In base 7, what is -3654 + 115?
-3536
In base 14, what is 4a + -7580?
-7534
In base 8, what is -5 + 304142?
304135
In base 13, what is 9492 + -4?
948b
In base 5, what is -4100324 + 4?
-4100320
In base 13, what is -6b - -264?
1c6
In base 12, what is -528 + -64?
-590
In base 6, what is -4 + -111124?
-111132
In base 7, what is -125422 - -20?
-125402
In base 3, what is 120022 + 2011001?
2201100
In base 7, what is 5455 - 34?
5421
In base 8, what is 47 - -2030?
2077
In base 2, what is 1100 - -100110010?
100111110
In bas